{"id":997,"date":"2024-02-17T15:17:36","date_gmt":"2024-02-17T15:17:36","guid":{"rendered":"https:\/\/cemm24.somival.org\/?page_id=997"},"modified":"2024-05-03T20:38:15","modified_gmt":"2024-05-03T20:38:15","slug":"benicassimes","status":"publish","type":"page","link":"https:\/\/cemm24.somival.org\/index.php\/benicassimes\/","title":{"rendered":"BenicassimES"},"content":{"rendered":"<table style=\"height: 25px; width: 64.8091%; border-collapse: collapse;\">\n<tbody>\n<tr style=\"height: 30px;\">\n<td style=\"width: 8.70307%; height: 25px; vertical-align: top;\"><span style=\"font-size: 20px; color: #008000;\"><strong><a style=\"color: #008000;\" href=\"https:\/\/cemm24.somival.org\/index.php\/opciones\/\">&lt;&lt;&lt;<\/a><\/strong><\/span><\/td>\n<td style=\"height: 25px; width: 67.0648%; vertical-align: top;\"><strong><span style=\"color: #993366; font-size: 19px;\">BENIC\u00c0SSIM<\/span><\/strong><\/td>\n<td style=\"width: 14.8464%; height: 25px; vertical-align: top;\"><strong><span style=\"color: #993366; font-size: 19px;\">( <a href=\"https:\/\/turismo.benicassim.es\/\" target=\"_blank\" rel=\"noopener\">Web<\/a><\/span><\/strong><strong style=\"font-family: inherit; font-size: inherit;\"><span style=\"color: #993366; font-size: 19px;\">)<\/span><\/strong><strong><span style=\"color: #993366; font-size: 19px;\"><a href=\"https:\/\/www.castellonvirtual.es\/lugares_interes\/desierto-de-las-palmas\/\" target=\"_blank\" rel=\"noopener\"><br \/>\n<\/a><\/span><\/strong><\/td>\n<\/tr>\n<\/tbody>\n<\/table>\n<p style=\"text-align: justify;\"><span style=\"color: #000080;\"><span style=\"font-size: 17px;\">Es un pueblo situado en la comarca de la Plana Alta, en la denominada Costa de Azahar,\u00a0 provincia de Castell\u00f3n, Comunidad Valenciana, Espa\u00f1a. Su poblaci\u00f3n actual es de 20.000 habitantes.<br \/>\n<\/span><span style=\"font-size: 17px;\">Est\u00e1 asentada, a la orilla del mar, y a su espalda se encuentra el Desierto de las Palmas, un paraje monta\u00f1oso y agreste, desde el que se tienen magn\u00edficas vistas sobre Benic\u00e0ssim y la Plana de Castell\u00f3n e incluso de las Islas Columbretes, cuando la visibilidad es muy buena.<br \/>\n<\/span><span style=\"font-size: 17px;\">Posee un peque\u00f1o casco hist\u00f3rico, que se cre\u00f3 alrededor de la iglesia de Santo Tom\u00e1s de Villanueva, edificada en el siglo XVIII.<br \/>\n<\/span><span style=\"font-size: 17px;\">Tiene casi 7 kil\u00f3metros de playas de aguas limpias. de fina arena, con espigones que las protegen y con numerosos servicios tur\u00edsticos, lo que atestigua el galard\u00f3n de cinco banderas azules.<br \/>\n<\/span><span style=\"font-size: 17px;\">Se\u00f1alar su variada gastronom\u00eda: pescados y carnes a la brasa, paella y arroces, as\u00ed como las numerosas actividades culturales, destacando el FIB (Festival Internacional de m\u00fasica de Benic\u00e0ssim) , rutas de senderismo por las monta\u00f1as del interior y fascinantes paseos con vistas al mar.<\/span><\/span><\/p>\n<p style=\"text-align: justify;\"><span style=\"font-size: 17px; color: #993366;\"><strong>Historia de Benic\u00e0ssim<\/strong><\/span><\/p>\n<p style=\"text-align: justify;\"><span style=\"color: #000080;\"><span style=\"font-size: 17px;\">Su origen m\u00e1s reciente y al que se debe su nombre est\u00e1 en el castillo de Montorn\u00e9s que\u00a0 constituy\u00f3 uno de los feudos \u00e0rabes m\u00e1s importantes que perteneci\u00f3 al linaje de los Banu Qasi (\u00abhijos de Q\u00e1sim\u00bb).<br \/>\n<\/span><span style=\"font-size: 17px;\">En el a\u00f1o 1603 se otorg\u00f3 la Carta Puebla a fin de repoblar esta zona, muy castigada por los continuos ataques y saqueos de corsarios y berberiscos. Tal medida no obtuvo los resultados apetecidos, y tan solo unos pocos pobladores se asentaron en el lugar. En este sentido, existen claros vestigios de cuatro n\u00facleos peque\u00f1os de poblaci\u00f3n, dos de ellos buscando el refugio de las monta\u00f1as, otro en las tierras llanas y f\u00e9rtiles, muy cerca del actual casco urbano, y finalmente un peque\u00f1o n\u00facleo marinero, frente a la Torre de San Vicente.<br \/>\n<\/span><span style=\"font-size: 17px;\">La decisi\u00f3n de Francisco P\u00e9rez Bayer en 1769 de fundar una iglesia constituy\u00f3 el impulso definitivo a la configuraci\u00f3n de Benic\u00e0ssim como pueblo.<\/span><\/span><\/p>\n","protected":false},"excerpt":{"rendered":"<p>&lt;&lt;&lt; BENIC\u00c0SSIM ( Web) Es un pueblo situado en la comarca de la Plana Alta, en la denominada Costa de Azahar,\u00a0 provincia de Castell\u00f3n, Comunidad Valenciana, Espa\u00f1a. Su poblaci\u00f3n actual es de 20.000 habitantes. Est\u00e1 asentada, a la orilla del mar, y a su espalda se encuentra el Desierto de las Palmas, un paraje monta\u00f1oso [&hellip;]<\/p>\n","protected":false},"author":2,"featured_media":0,"parent":0,"menu_order":0,"comment_status":"closed","ping_status":"closed","template":"","meta":{"footnotes":""},"class_list":["post-997","page","type-page","status-publish","hentry","post"],"_links":{"self":[{"href":"https:\/\/cemm24.somival.org\/index.php\/wp-json\/wp\/v2\/pages\/997","targetHints":{"allow":["GET"]}}],"collection":[{"href":"https:\/\/cemm24.somival.org\/index.php\/wp-json\/wp\/v2\/pages"}],"about":[{"href":"https:\/\/cemm24.somival.org\/index.php\/wp-json\/wp\/v2\/types\/page"}],"author":[{"embeddable":true,"href":"https:\/\/cemm24.somival.org\/index.php\/wp-json\/wp\/v2\/users\/2"}],"replies":[{"embeddable":true,"href":"https:\/\/cemm24.somival.org\/index.php\/wp-json\/wp\/v2\/comments?post=997"}],"version-history":[{"count":12,"href":"https:\/\/cemm24.somival.org\/index.php\/wp-json\/wp\/v2\/pages\/997\/revisions"}],"predecessor-version":[{"id":2297,"href":"https:\/\/cemm24.somival.org\/index.php\/wp-json\/wp\/v2\/pages\/997\/revisions\/2297"}],"wp:attachment":[{"href":"https:\/\/cemm24.somival.org\/index.php\/wp-json\/wp\/v2\/media?parent=997"}],"curies":[{"name":"wp","href":"https:\/\/api.w.org\/{rel}","templated":true}]}}