{"id":970,"date":"2024-02-17T10:23:38","date_gmt":"2024-02-17T10:23:38","guid":{"rendered":"https:\/\/cemm24.somival.org\/?page_id=970"},"modified":"2024-03-05T11:36:41","modified_gmt":"2024-03-05T11:36:41","slug":"desiertolaspalmaspo","status":"publish","type":"page","link":"https:\/\/cemm24.somival.org\/index.php\/desiertolaspalmaspo\/","title":{"rendered":"DesiertoLasPalmasPO"},"content":{"rendered":"<table style=\"height: 30px; width: 64.8091%; border-collapse: collapse;\">\n<tbody>\n<tr style=\"height: 30px;\">\n<td style=\"width: 8.70307%; height: 30px; vertical-align: top;\"><strong><span style=\"font-size: 17px;\"><a href=\"https:\/\/cemm24.somival.org\/index.php\/prospeccinpo\/\"><span style=\"color: #008000;\">&lt;&lt;&lt;<\/span><\/a><\/span><\/strong><\/td>\n<td style=\"height: 30px; width: 67.0648%; vertical-align: top;\"><span style=\"font-size: 19px;\"><strong><span style=\"color: #993366;\">Parque natural do Deserto de Las Palmas&nbsp;<\/span><\/strong><\/span><\/td>\n<td style=\"width: 14.8464%; height: 30px; vertical-align: top;\"><span style=\"font-size: 19px;\"><strong><span style=\"color: #993366;\">( <a href=\"https:\/\/www.castellonvirtual.es\/lugares_interes\/desierto-de-las-palmas\/\" target=\"_blank\" rel=\"noopener\">Web<\/a> )<\/span><\/strong><\/span><\/td>\n<td style=\"width: 21.3311%; height: 30px; vertical-align: bottom;\"><a href=\"https:\/\/cemm24.somival.org\/index.php\/desiertolaspalmasimpo\/\"><img loading=\"lazy\" decoding=\"async\" class=\"aligncenter size-full wp-image-530\" src=\"https:\/\/cemm24.somival.org\/wp-content\/uploads\/2024\/02\/Mafotos1.jpg\" alt=\"\" width=\"47\" height=\"30\"><\/a><\/td>\n<\/tr>\n<\/tbody>\n<\/table>\n<p style=\"text-align: justify;\"><span style=\"color: #000080; font-family: georgia, palatino; font-size: 17px;\">Situado perto de Castell\u00f3n, na localidade de Benic\u00e0ssim, o Deserto de las Palmas \u00e9 uma cadeia montanhosa muito \u00edngreme e pr\u00f3xima do mar, com alturas que v\u00e3o desde os 200 m at\u00e9 aos 729 m do monte Bartolo. O seu nome refere-se ao facto de ser uma zona desabitada e \u00e0 abund\u00e2ncia de palmito ou palmeira-das-vassouras (<em>Chamaerops humilis<\/em>). A rocha predominante \u00e9 o arenito vermelho (rodeno), que d\u00e1 origem a solos \u00e1cidos.<br \/>\nApresenta um clima tipicamente mediterr\u00e2nico, mas a proximidade do mar confere-lhe caracter\u00edsticas clim\u00e1ticas especiais, uma vez que os ventos de leste, carregados de humidade, provocam nevoeiros, o que permite a forma\u00e7\u00e3o de microclimas mais h\u00famidos. A precipita\u00e7\u00e3o m\u00e9dia anual \u00e9 de cerca de 600 mm, com picos na primavera (maio) e no final do ver\u00e3o-outono (setembro) e um forte per\u00edodo de seca no ver\u00e3o. As chuvas, por vezes torrenciais, provocam uma forte eros\u00e3o na paisagem.<br \/>\nA vegeta\u00e7\u00e3o potencial do s\u00edtio eram as florestas de azinheiras (<em>Quercus ilex subsp. rotundifolia<\/em>) nas zonas de solo calc\u00e1rio, e de sobreiros (<em>Quercus suber<\/em>) nas zonas siliciosas e h\u00famidas. Em consequ\u00eancia da transforma\u00e7\u00e3o agr\u00edcola dos solos, das carvoarias, do pastoreio e dos inc\u00eandios (o mais grave dos quais devastou a serra em 1992), restam apenas pequenos bosquetes ou indiv\u00edduos isolados destas esp\u00e9cies, e a maior parte do territ\u00f3rio \u00e9 atualmente ocupada por diversos tipos de matos, e, em menor escala, forma\u00e7\u00f5es de pinheiro como o pinheiro-bravo (P<em>inus pinaster<\/em>) e o pinheiro de Alepo (<em>Pinus halepensis<\/em>), que, devido \u00e0 sua facilidade de adapta\u00e7\u00e3o, t\u00eam vindo a invadir \u00e1reas agr\u00edcolas abandonadas e a substituir os antigos montados de azinho e de sobro.<\/span><\/p>\n<p style=\"text-align: justify;\"><span style=\"font-size: 17px;\"><strong><span style=\"color: #993366;\">Ecossistemas mais interessantes<\/span><\/strong><\/span><br \/>\n<span style=\"font-size: 17px; color: #000080;\"><strong>Montado de sobro<\/strong>. Desenvolve-se exclusivamente em solos siliciosos de arenito vermelho. A vegeta\u00e7\u00e3o rasteira \u00e9 dominada por esp\u00e9cies como o medronheiro (<em>Arbutus unedo<\/em>), a urze-arb\u00f3rea (<em>Erica arborea<\/em>), a gilbardeira (<em>Ruscus aculeatus<\/em>), o zimbro comum (<em>Juniperus oxycedrus<\/em>) e a hera Inglesa (<em>Hedera helix<\/em>).<\/span><br \/>\n<span style=\"font-size: 17px; color: #000080;\"><strong>Estevais<\/strong>. S\u00e3o forma\u00e7\u00f5es dominadas por diferentes esp\u00e9cies de estevas que crescem em solos siliciosos ou descarbonatados, como o sarga\u00e7o (<em>Cistus monspeliensis<\/em>) e o sanganho-mouro (<em>Cistus salviifolius<\/em>); e nas zonas mais h\u00famidas s\u00e3o tamb\u00e9m acompanhadas pelo estev\u00e3o (<em>Cistus populifolius<\/em>).<\/span><br \/>\n<span style=\"font-size: 17px; color: #000080;\"><strong>Pinhais<\/strong>. A presen\u00e7a do pinheiro-bravo (<em>Pinus pinaster<\/em>) \u00e9 muito frequente nas zonas siliciosas e tamb\u00e9m do pinheiro de Alepo (<em>Pinus halepensis<\/em>) nas zonas calc\u00e1rias.<\/span><br \/>\n<span style=\"font-size: 17px; color: #000080;\"><strong>Azinhais<\/strong>. Existe uma pequena \u00e1rea dominada pela azinheira (<em>Quercus ilex subsp. rotundifolia<\/em>). Com um sub-bosque com abund\u00e2ncia de esp\u00e9cies como o carrasco (<em>Quercus coccifera<\/em>), o palmitoou palmeira-das-vassouras (<em>Chamaerops humilis<\/em>) e a salsaparrilha-bastarda (<em>Smilax aspera<\/em>).<\/span><\/p>\n","protected":false},"excerpt":{"rendered":"<p>&lt;&lt;&lt; Parque natural do Deserto de Las Palmas&nbsp; ( Web ) Situado perto de Castell\u00f3n, na localidade de Benic\u00e0ssim, o Deserto de las Palmas \u00e9 uma cadeia montanhosa muito \u00edngreme e pr\u00f3xima do mar, com alturas que v\u00e3o desde os 200 m at\u00e9 aos 729 m do monte Bartolo. O seu nome refere-se ao facto [&hellip;]<\/p>\n","protected":false},"author":2,"featured_media":0,"parent":0,"menu_order":0,"comment_status":"closed","ping_status":"closed","template":"","meta":{"footnotes":""},"class_list":["post-970","page","type-page","status-publish","hentry","post"],"_links":{"self":[{"href":"https:\/\/cemm24.somival.org\/index.php\/wp-json\/wp\/v2\/pages\/970","targetHints":{"allow":["GET"]}}],"collection":[{"href":"https:\/\/cemm24.somival.org\/index.php\/wp-json\/wp\/v2\/pages"}],"about":[{"href":"https:\/\/cemm24.somival.org\/index.php\/wp-json\/wp\/v2\/types\/page"}],"author":[{"embeddable":true,"href":"https:\/\/cemm24.somival.org\/index.php\/wp-json\/wp\/v2\/users\/2"}],"replies":[{"embeddable":true,"href":"https:\/\/cemm24.somival.org\/index.php\/wp-json\/wp\/v2\/comments?post=970"}],"version-history":[{"count":9,"href":"https:\/\/cemm24.somival.org\/index.php\/wp-json\/wp\/v2\/pages\/970\/revisions"}],"predecessor-version":[{"id":1541,"href":"https:\/\/cemm24.somival.org\/index.php\/wp-json\/wp\/v2\/pages\/970\/revisions\/1541"}],"wp:attachment":[{"href":"https:\/\/cemm24.somival.org\/index.php\/wp-json\/wp\/v2\/media?parent=970"}],"curies":[{"name":"wp","href":"https:\/\/api.w.org\/{rel}","templated":true}]}}