{"id":797,"date":"2024-02-16T12:12:03","date_gmt":"2024-02-16T12:12:03","guid":{"rendered":"https:\/\/cemm24.somival.org\/?page_id=797"},"modified":"2024-10-06T08:34:26","modified_gmt":"2024-10-06T08:34:26","slug":"programacpo","status":"publish","type":"page","link":"https:\/\/cemm24.somival.org\/index.php\/programacpo\/","title":{"rendered":"ProgramaCPO"},"content":{"rendered":"<table style=\"height: 25px; width: 500PX; border-collapse: collapse;\">\n<tbody>\n<tr style=\"height: 30px;\">\n<td style=\"width: 50px; height: 25px; text-align: center; vertical-align: bottom;\"><a href=\"https:\/\/cemm24.somival.org\/index.php\/opcionpo\/\"><span style=\"font-size: 19px; color: #008000;\"><strong><span style=\"color: #008000;\">&lt;&lt;&lt;<\/span><\/strong><\/span><\/a><\/td>\n<td style=\"height: 25px; width: 443px; vertical-align: top;\" colspan=\"2\"><span style=\"font-size: 19px;\"><strong><span style=\"color: #993366;\">\u00a0 PROGRAMA CIENT\u00cdFICO<\/span><\/strong><\/span><\/td>\n<\/tr>\n<\/tbody>\n<\/table>\n<p><span style=\"font-size: 16px; color: #000080;\">A organiza\u00e7\u00e3o do Congresso colocar\u00e1 \u00e0 disposi\u00e7\u00e3o dos congressistas 6 microsc\u00f3pios e 4 desidratadoras<\/span><\/p>\n<table style=\"border-collapse: collapse; width: 79.0338%; height: 1485px;\">\n<tbody>\n<tr style=\"height: 24px;\">\n<td style=\"width: 114.27%; height: 24px; background-color: #f5f5c6; text-align: center;\" colspan=\"3\"><span style=\"font-size: 16px;\"><em><strong><span style=\"color: #993366;\">Domingo, 27 OUTUBRO de 2024<\/span><\/strong><\/em><\/span><\/td>\n<\/tr>\n<tr style=\"height: 24px;\">\n<td style=\"width: 5.18423%; height: 24px;\"><span style=\"color: #000080; font-size: 16px;\">15.00<\/span><\/td>\n<td style=\"width: 5.24661%; height: 24px;\"><span style=\"color: #000080; font-size: 16px;\">19.00<\/span><\/td>\n<td style=\"width: 103.839%; height: 24px;\"><span style=\"color: #000080; font-size: 16px;\">Rece\u00e7\u00e3o dos participantes com entrega da documenta\u00e7\u00e3o e instala\u00e7\u00e3o do material de trabalho<\/span><\/td>\n<\/tr>\n<tr style=\"height: 24px;\">\n<td style=\"width: 5.18423%; height: 24px;\"><\/td>\n<td style=\"width: 5.24661%; height: 24px;\"><span style=\"color: #000080; font-size: 16px;\">19.30<\/span><\/td>\n<td style=\"width: 103.839%; height: 24px;\"><span style=\"color: #000080; font-size: 16px;\">Rece\u00e7\u00e3o de boas vindas<\/span><\/td>\n<\/tr>\n<tr style=\"height: 24px;\">\n<td style=\"width: 5.18423%; height: 24px;\"><\/td>\n<td style=\"width: 5.24661%; height: 24px;\"><span style=\"color: #000080; font-size: 16px;\">20.30<\/span><\/td>\n<td style=\"width: 103.839%; height: 24px;\"><span style=\"color: #000080; font-size: 16px;\">Jantar<\/span><\/td>\n<\/tr>\n<tr style=\"height: 24px;\">\n<td style=\"width: 5.18423%; height: 24px;\"><\/td>\n<td style=\"width: 5.24661%; height: 24px;\"><\/td>\n<td style=\"width: 103.839%; height: 24px;\"><\/td>\n<\/tr>\n<tr style=\"height: 24px;\">\n<td style=\"width: 114.27%; height: 24px; background-color: #f5f5c6; text-align: center;\" colspan=\"3\"><span style=\"font-size: 16px;\"><em><strong><span style=\"color: #993366;\">Segunda-feira, 28 OUTUBRO de 2024<\/span><\/strong><\/em><\/span><\/td>\n<\/tr>\n<tr style=\"height: 24px;\">\n<td style=\"width: 5.18423%; height: 24px;\"><span style=\"color: #000080; font-size: 16px;\">07.00<\/span><\/td>\n<td style=\"width: 5.24661%; height: 24px;\"><span style=\"color: #000080; font-size: 16px;\">08.00<\/span><\/td>\n<td style=\"width: 103.839%; height: 24px;\"><span style=\"color: #000080; font-size: 16px;\">Pequeno almo\u00e7o<\/span><\/td>\n<\/tr>\n<tr style=\"height: 24px;\">\n<td style=\"width: 5.18423%; height: 24px;\"><\/td>\n<td style=\"width: 5.24661%; height: 24px;\"><span style=\"color: #000080; font-size: 16px;\">08.15<\/span><\/td>\n<td style=\"width: 103.839%; height: 24px;\"><span style=\"color: #000080; font-size: 16px;\">Sa\u00edda para os percursos<\/span><\/td>\n<\/tr>\n<tr style=\"height: 24px;\">\n<td style=\"width: 5.18423%; height: 24px;\"><\/td>\n<td style=\"width: 5.24661%; height: 24px;\"><span style=\"color: #000080; font-size: 16px;\">13.30<\/span><\/td>\n<td style=\"width: 103.839%; height: 24px;\"><span style=\"color: #000080; font-size: 16px;\">Entrega de taxa para cataloga\u00e7\u00e3o<\/span><\/td>\n<\/tr>\n<tr style=\"height: 24px;\">\n<td style=\"width: 5.18423%; height: 24px;\"><\/td>\n<td style=\"width: 5.24661%; height: 24px;\"><span style=\"color: #000080; font-size: 16px;\">14.00<\/span><\/td>\n<td style=\"width: 103.839%; height: 24px;\"><span style=\"color: #000080; font-size: 16px;\">Almo\u00e7o<\/span><\/td>\n<\/tr>\n<tr style=\"height: 24px;\">\n<td style=\"width: 5.18423%; height: 24px;\"><\/td>\n<td style=\"width: 5.24661%; height: 24px;\"><span style=\"color: #000080; font-size: 16px;\">16.00<\/span><\/td>\n<td style=\"width: 103.839%; height: 24px;\"><span style=\"color: #000080; font-size: 16px;\">Cataloga\u00e7\u00e3o e Trabalho de laborat\u00f3rio <\/span><\/td>\n<\/tr>\n<tr style=\"height: 24px;\">\n<td style=\"width: 5.18423%; height: 24px;\"><\/td>\n<td style=\"width: 5.24661%; height: 24px;\"><span style=\"color: #000080; font-size: 16px;\">18.30<\/span><\/td>\n<td style=\"width: 103.839%; height: 24px;\"><span style=\"color: #000080; font-size: 16px;\">Exposi\u00e7\u00e3o das esp\u00e9cies<\/span><\/td>\n<\/tr>\n<tr style=\"height: 24px;\">\n<td style=\"width: 5.18423%; height: 24px;\"><\/td>\n<td style=\"width: 5.24661%; height: 24px;\"><span style=\"color: #000080; font-size: 16px;\">19.00<\/span><\/td>\n<td style=\"width: 103.839%; height: 24px;\"><span style=\"color: #000080; font-size: 16px;\"><strong><span style=\"color: #993366;\">Confer\u00eancias<\/span><\/strong>\u00a0 &#8211; Orador convidado: <span style=\"color: #993366;\"><strong>Rafael Mahiques Santandreu<\/strong><\/span> &#8211;<strong><em>\u00abCortinaris poc citats als Mass\u00eds del Penyagolosa\u00bb<\/em><\/strong><\/span><\/td>\n<\/tr>\n<tr style=\"height: 24px;\">\n<td style=\"width: 5.18423%; height: 24px;\"><\/td>\n<td style=\"width: 5.24661%; height: 24px;\"><span style=\"color: #000080; font-size: 16px;\">20.30<\/span><\/td>\n<td style=\"width: 103.839%; height: 24px;\"><span style=\"color: #000080; font-size: 16px;\">Jantar<\/span><\/td>\n<\/tr>\n<tr style=\"height: 24px;\">\n<td style=\"width: 5.18423%; height: 24px;\"><\/td>\n<td style=\"width: 5.24661%; height: 24px;\"><span style=\"color: #000080; font-size: 16px;\">21.30<\/span><\/td>\n<td style=\"width: 103.839%; height: 24px;\"><span style=\"color: #000080; font-size: 16px;\">Reuni\u00e3o do Conselho de Administra\u00e7\u00e3o da CEMM<\/span><\/td>\n<\/tr>\n<tr style=\"height: 24px;\">\n<td style=\"width: 114.27%; height: 24px;\" colspan=\"3\"><\/td>\n<\/tr>\n<tr style=\"height: 24px;\">\n<td style=\"width: 114.27%; height: 24px; background-color: #f5f5c6; text-align: center;\" colspan=\"3\"><span style=\"font-size: 16px;\"><em><strong><span style=\"color: #993366;\">Ter\u00e7a-feira, 29 OUTUBRO de 2024<\/span><\/strong><\/em><\/span><\/td>\n<\/tr>\n<tr style=\"height: 24px;\">\n<td style=\"width: 5.18423%; height: 24px;\"><span style=\"color: #000080; font-size: 16px;\">07.00<\/span><\/td>\n<td style=\"width: 5.24661%; height: 24px;\"><span style=\"color: #000080; font-size: 16px;\">08.00<\/span><\/td>\n<td style=\"width: 103.839%; height: 24px;\"><span style=\"color: #000080; font-size: 16px;\">Pequeno almo\u00e7o<\/span><\/td>\n<\/tr>\n<tr style=\"height: 24px;\">\n<td style=\"width: 5.18423%; height: 24px;\"><\/td>\n<td style=\"width: 5.24661%; height: 24px;\"><span style=\"color: #000080; font-size: 16px;\">08.15<\/span><\/td>\n<td style=\"width: 103.839%; height: 24px;\"><span style=\"color: #000080; font-size: 16px;\">Sa\u00edda para os percursos<\/span><\/td>\n<\/tr>\n<tr style=\"height: 24px;\">\n<td style=\"width: 5.18423%; height: 24px;\"><\/td>\n<td style=\"width: 5.24661%; height: 24px;\"><span style=\"color: #000080; font-size: 16px;\">13.30<\/span><\/td>\n<td style=\"width: 103.839%; height: 24px;\"><span style=\"color: #000080; font-size: 16px;\">Entrega de taxa para cataloga\u00e7\u00e3o<\/span><span style=\"color: #000080; font-size: 16px;\"><br \/>\n<\/span><\/td>\n<\/tr>\n<tr style=\"height: 24px;\">\n<td style=\"width: 5.18423%; height: 24px;\"><\/td>\n<td style=\"width: 5.24661%; height: 24px;\"><span style=\"color: #000080; font-size: 16px;\">14.00<\/span><\/td>\n<td style=\"width: 103.839%; height: 24px;\"><span style=\"color: #000080; font-size: 16px;\">Almo\u00e7o<\/span><\/td>\n<\/tr>\n<tr style=\"height: 24px;\">\n<td style=\"width: 5.18423%; height: 24px;\"><\/td>\n<td style=\"width: 5.24661%; height: 24px;\"><span style=\"color: #000080; font-size: 16px;\">16.00<\/span><\/td>\n<td style=\"width: 103.839%; height: 24px;\"><span style=\"color: #000080; font-size: 16px;\">Cataloga\u00e7\u00e3o e Trabalho de laborat\u00f3rio<\/span><\/td>\n<\/tr>\n<tr style=\"height: 24px;\">\n<td style=\"width: 5.18423%; height: 24px;\"><\/td>\n<td style=\"width: 5.24661%; height: 24px;\"><span style=\"color: #000080; font-size: 16px;\">18.30<\/span><\/td>\n<td style=\"width: 103.839%; height: 24px;\"><span style=\"color: #000080; font-size: 16px;\">Exposi\u00e7\u00e3o das esp\u00e9cies<\/span><\/td>\n<\/tr>\n<tr style=\"height: 24px;\">\n<td style=\"width: 5.18423%; height: 24px;\"><\/td>\n<td style=\"width: 5.24661%; height: 24px;\"><span style=\"color: #000080; font-size: 16px;\">19.00<\/span><\/td>\n<td style=\"width: 103.839%; height: 24px;\"><span style=\"color: #000080; font-size: 16px;\"><strong><span style=\"color: #993366;\">Confer\u00eancias<\/span><\/strong> &#8211; Orador convidado: <span style=\"color: #993366;\"><strong>Javier Marcos Mart\u00ednez<\/strong><\/span> &#8211; <em><strong>\u00abBoletales interesantes y poco conocidos en Espa\u00f1a\u00bb<\/strong><\/em><\/span><\/td>\n<\/tr>\n<tr style=\"height: 24px;\">\n<td style=\"width: 5.18423%; height: 24px;\"><\/td>\n<td style=\"width: 5.24661%; height: 24px;\"><span style=\"color: #000080; font-size: 16px;\">20.30<\/span><\/td>\n<td style=\"width: 103.839%; height: 24px;\"><span style=\"color: #000080; font-size: 16px;\">Jantar<\/span><\/td>\n<\/tr>\n<tr style=\"height: 24px;\">\n<td style=\"width: 5.18423%; height: 24px;\"><\/td>\n<td style=\"width: 5.24661%; height: 24px;\"><span style=\"color: #000080; font-size: 16px;\">21.30<\/span><\/td>\n<td style=\"width: 103.839%; height: 24px;\"><span style=\"color: #000080; font-size: 16px;\">Reuni\u00e3o da Assembleia Geral da CEMM<\/span><\/td>\n<\/tr>\n<tr style=\"height: 24px;\">\n<td style=\"width: 5.18423%; height: 24px;\"><\/td>\n<td style=\"width: 5.24661%; height: 24px;\"><\/td>\n<td style=\"width: 103.839%; height: 24px;\"><\/td>\n<\/tr>\n<tr style=\"height: 24px;\">\n<td style=\"width: 114.27%; height: 24px; background-color: #f5f5c6; text-align: center;\" colspan=\"3\"><span style=\"font-size: 16px;\"><strong><span style=\"color: #993366;\"><em>Quarta-feira<\/em>, 30 <em>OUTUBRO<\/em> de 2024<\/span><\/strong><\/span><\/td>\n<\/tr>\n<tr style=\"height: 24px;\">\n<td style=\"width: 5.18423%; height: 24px;\"><span style=\"color: #000080; font-size: 16px;\">07.00<\/span><\/td>\n<td style=\"width: 5.24661%; height: 24px;\"><span style=\"color: #000080; font-size: 16px;\">08.00<\/span><\/td>\n<td style=\"width: 103.839%; height: 24px;\"><span style=\"color: #000080; font-size: 16px;\">Pequeno almo\u00e7o<\/span><\/td>\n<\/tr>\n<tr style=\"height: 24px;\">\n<td style=\"width: 5.18423%; height: 24px;\"><\/td>\n<td style=\"width: 5.24661%; height: 24px;\"><span style=\"color: #000080; font-size: 16px;\">08.15<\/span><\/td>\n<td style=\"width: 103.839%; height: 24px;\"><span style=\"color: #000080; font-size: 16px;\">Sa\u00edda para os percursos: <a href=\"https:\/\/visitpenyagolosa.com\/\" target=\"_blank\" rel=\"noopener\"><strong><em>San Joan de Penyagolosa<\/em><\/strong><\/a> <strong><em>\u00a0<\/em><\/strong>[ \u00a0<strong><a href=\"https:\/\/www.turismodecastellon.com\/es\/que-hacer\/cultura\/monumentos\/show\/103627\" target=\"_blank\" rel=\"noopener\">+<\/a><\/strong> ]\u00a0<\/span><\/td>\n<\/tr>\n<tr style=\"height: 24px;\">\n<td style=\"width: 5.18423%; height: 24px;\"><\/td>\n<td style=\"width: 5.24661%; height: 24px;\"><span style=\"color: #000080; font-size: 16px;\">14.00<\/span><\/td>\n<td style=\"width: 103.839%; height: 24px;\"><span style=\"color: #000080; font-size: 16px;\">Almo\u00e7o no restaurante <a href=\"https:\/\/restaurantcasaramon.com\/\" target=\"_blank\" rel=\"noopener\"><strong><em>Casa Ram\u00f3n<\/em><\/strong><\/a>\u00a0(Adzaneta del Maestrat) junto aos outros acompanhantes<\/span><\/td>\n<\/tr>\n<tr style=\"height: 24px;\">\n<td style=\"width: 5.18423%; height: 24px;\"><\/td>\n<td style=\"width: 5.24661%; height: 24px;\"><span style=\"color: #000080; font-size: 16px;\">16.00<\/span><\/td>\n<td style=\"width: 103.839%; height: 24px;\"><span style=\"color: #000080; font-size: 16px;\">Regresso ao Hotel<\/span><\/td>\n<\/tr>\n<tr style=\"height: 24px;\">\n<td style=\"width: 5.18423%; height: 24px;\"><\/td>\n<td style=\"width: 5.24661%; height: 24px;\"><span style=\"color: #000080; font-size: 16px;\">17.00<\/span><\/td>\n<td style=\"width: 103.839%; height: 24px;\"><span style=\"color: #000080; font-size: 16px;\">Entrega de taxa para cataloga\u00e7\u00e3o<\/span><\/td>\n<\/tr>\n<tr style=\"height: 24px;\">\n<td style=\"width: 5.18423%; height: 24px;\"><\/td>\n<td style=\"width: 5.24661%; height: 24px;\"><span style=\"color: #000080; font-size: 16px;\">17.30<\/span><\/td>\n<td style=\"width: 103.839%; height: 24px;\"><span style=\"color: #000080; font-size: 16px;\">Cataloga\u00e7\u00e3o e Trabalho de laborat\u00f3rio<\/span><\/td>\n<\/tr>\n<tr style=\"height: 24px;\">\n<td style=\"width: 5.18423%; height: 24px;\"><\/td>\n<td style=\"width: 5.24661%; height: 24px;\"><span style=\"color: #000080; font-size: 16px;\">18.30<\/span><\/td>\n<td style=\"width: 103.839%; height: 24px;\"><span style=\"color: #000080; font-size: 16px;\">Exposi\u00e7\u00e3o das esp\u00e9cies<\/span><\/td>\n<\/tr>\n<tr style=\"height: 24px;\">\n<td style=\"width: 5.18423%; height: 24px;\"><\/td>\n<td style=\"width: 5.24661%; height: 24px;\"><span style=\"color: #000080; font-size: 16px;\">19.00<\/span><\/td>\n<td style=\"width: 103.839%; height: 24px;\"><span style=\"font-size: 16px;\"><span style=\"color: #000080;\"><strong><span style=\"color: #993366;\">Confer\u00eancias<\/span><\/strong><\/span><span style=\"color: #000080;\"> &#8211; Orador convidado: <span style=\"color: #993366;\"><strong>Candido Sos Escudero<\/strong><\/span> &#8211; <em><strong>\u00abDiversidad f\u00fangica mediterranea &#8211; Castell\u00f3n\u00bb<\/strong><\/em><\/span><\/span><\/td>\n<\/tr>\n<tr style=\"height: 24px;\">\n<td style=\"width: 5.18423%; height: 24px;\"><\/td>\n<td style=\"width: 5.24661%; height: 24px;\"><span style=\"color: #000080; font-size: 16px;\">20.30<\/span><\/td>\n<td style=\"width: 103.839%; height: 24px;\"><span style=\"color: #000080; font-size: 16px;\"> Jantar<\/span><\/td>\n<\/tr>\n<tr style=\"height: 24px;\">\n<td style=\"width: 5.18423%; height: 24px;\"><\/td>\n<td style=\"width: 5.24661%; height: 24px;\"><\/td>\n<td style=\"width: 103.839%; height: 24px;\"><\/td>\n<\/tr>\n<tr style=\"height: 24px;\">\n<td style=\"width: 114.27%; height: 24px; background-color: #f5f5c6; text-align: center;\" colspan=\"3\"><span style=\"font-size: 16px;\"><strong><span style=\"color: #993366;\"><em>Quinta-feira<\/em>, 31 <em>OUTUBRO<\/em> de 2024<\/span><\/strong><\/span><\/td>\n<\/tr>\n<tr style=\"height: 24px;\">\n<td style=\"width: 5.18423%; height: 24px;\"><span style=\"color: #000080; font-size: 16px;\">07.00<\/span><\/td>\n<td style=\"width: 5.24661%; height: 24px;\"><span style=\"color: #000080; font-size: 16px;\">08.00<\/span><\/td>\n<td style=\"width: 103.839%; height: 24px;\"><span style=\"color: #000080; font-size: 16px;\">Pequeno almo\u00e7o<\/span><\/td>\n<\/tr>\n<tr style=\"height: 24px;\">\n<td style=\"width: 5.18423%; height: 24px;\"><\/td>\n<td style=\"width: 5.24661%; height: 24px;\"><span style=\"color: #000080; font-size: 16px;\">08.15<\/span><\/td>\n<td style=\"width: 103.839%; height: 24px;\"><span style=\"color: #000080;\">Sa\u00edda para os percursos<\/span><\/td>\n<\/tr>\n<tr style=\"height: 24px;\">\n<td style=\"width: 5.18423%; height: 24px;\"><\/td>\n<td style=\"width: 5.24661%; height: 24px;\"><span style=\"color: #000080; font-size: 16px;\">13.30<\/span><\/td>\n<td style=\"width: 103.839%; height: 24px;\"><span style=\"color: #000080;\"><span style=\"color: #000080; font-size: 16px;\">Entrega de taxa para cataloga\u00e7\u00e3o<\/span><\/span><\/td>\n<\/tr>\n<tr style=\"height: 24px;\">\n<td style=\"width: 5.18423%; height: 24px;\"><\/td>\n<td style=\"width: 5.24661%; height: 24px;\"><span style=\"color: #000080; font-size: 16px;\">14.00<\/span><\/td>\n<td style=\"width: 103.839%; height: 24px;\"><span style=\"color: #000080; font-size: 16px;\">Almo\u00e7o<\/span><\/td>\n<\/tr>\n<tr style=\"height: 24px;\">\n<td style=\"width: 5.18423%; height: 24px;\"><\/td>\n<td style=\"width: 5.24661%; height: 24px;\"><span style=\"color: #000080; font-size: 16px;\">16.00<\/span><\/td>\n<td style=\"width: 103.839%; height: 24px;\"><span style=\"color: #000080; font-size: 16px;\">Cataloga\u00e7\u00e3o e Trabalho de laborat\u00f3rio<\/span><\/td>\n<\/tr>\n<tr style=\"height: 24px;\">\n<td style=\"width: 5.18423%; height: 24px;\"><\/td>\n<td style=\"width: 5.24661%; height: 24px;\"><span style=\"color: #000080; font-size: 16px;\">18.30<\/span><\/td>\n<td style=\"width: 103.839%; height: 24px;\"><span style=\"color: #000080; font-size: 16px;\">Exposi\u00e7\u00e3o das esp\u00e9cies<\/span><\/td>\n<\/tr>\n<tr style=\"height: 24px;\">\n<td style=\"width: 5.18423%; height: 24px;\"><\/td>\n<td style=\"width: 5.24661%; height: 24px;\"><span style=\"color: #000080; font-size: 16px;\">19.00<\/span><\/td>\n<td style=\"width: 103.839%; height: 24px;\"><span style=\"color: #000080; font-size: 16px;\"><strong><span style=\"color: #993366;\">Confer\u00eancias<\/span><\/strong> &#8211; Orador convidada: <span style=\"color: #993366;\"><strong>Souhila Aouali <\/strong><\/span>&#8211;<strong><em>\u00abMycologie alg\u00e9rienne : que savons-nous aujourd\u2019hui? et que devrions-nous faire demain?\u00bb<\/em><\/strong><\/span><\/td>\n<\/tr>\n<tr style=\"height: 24px;\">\n<td style=\"width: 5.18423%; height: 24px;\"><\/td>\n<td style=\"width: 5.24661%; height: 24px;\"><span style=\"color: #000080; font-size: 16px;\">20.30<\/span><\/td>\n<td style=\"width: 103.839%; height: 24px;\"><span style=\"color: #000080; font-size: 16px;\">Jantar<\/span><\/td>\n<\/tr>\n<tr style=\"height: 24px;\">\n<td style=\"width: 5.18423%; height: 24px;\"><\/td>\n<td style=\"width: 5.24661%; height: 24px;\"><\/td>\n<td style=\"width: 103.839%; height: 24px;\"><\/td>\n<\/tr>\n<tr style=\"height: 24px;\">\n<td style=\"width: 114.27%; height: 24px; background-color: #f5f5c6; text-align: center;\" colspan=\"3\"><span style=\"font-size: 16px;\"><strong><span style=\"color: #993366;\"><em>Sexta-feira<\/em>, <em>1 NOVEMBRO de 2024<\/em><\/span><\/strong><\/span><\/td>\n<\/tr>\n<tr style=\"height: 24px;\">\n<td style=\"width: 5.18423%; height: 24px;\"><span style=\"color: #000080; font-size: 16px;\">07.00<\/span><\/td>\n<td style=\"width: 5.24661%; height: 24px;\"><span style=\"color: #000080; font-size: 16px;\">08.00<\/span><\/td>\n<td style=\"width: 103.839%; height: 24px;\"><span style=\"color: #000080; font-size: 16px;\">Pequeno almo\u00e7o<\/span><\/td>\n<\/tr>\n<tr style=\"height: 24px;\">\n<td style=\"width: 5.18423%; height: 21px;\"><\/td>\n<td style=\"width: 5.24661%; height: 21px;\"><span style=\"color: #000080; font-size: 16px;\">08.15<\/span><\/td>\n<td style=\"width: 103.839%; height: 21px;\"><span style=\"color: #000080; font-size: 16px;\">Sa\u00edda para os percursos<\/span><\/td>\n<\/tr>\n<tr style=\"height: 24px;\">\n<td style=\"width: 5.18423%; height: 24px;\"><\/td>\n<td style=\"width: 5.24661%; height: 24px;\"><span style=\"color: #000080; font-size: 16px;\">13.30<\/span><\/td>\n<td style=\"width: 103.839%; height: 24px;\"><span style=\"color: #000080; font-size: 16px;\"><span style=\"color: #000080;\">Entrega de taxa para cataloga\u00e7\u00e3o<\/span><\/span><\/td>\n<\/tr>\n<tr style=\"height: 24px;\">\n<td style=\"width: 5.18423%; height: 24px;\"><\/td>\n<td style=\"width: 5.24661%; height: 24px;\"><span style=\"color: #000080; font-size: 16px;\">14.00<\/span><\/td>\n<td style=\"width: 103.839%; height: 24px;\"><span style=\"color: #000080; font-size: 16px;\">Almo\u00e7o<\/span><\/td>\n<\/tr>\n<tr style=\"height: 24px;\">\n<td style=\"width: 5.18423%; height: 24px;\"><\/td>\n<td style=\"width: 5.24661%; height: 24px;\"><span style=\"color: #000080; font-size: 16px;\">16.00<\/span><\/td>\n<td style=\"width: 103.839%; height: 24px;\"><span style=\"color: #000080; font-size: 16px;\">Cataloga\u00e7\u00e3o e Trabalho de laborat\u00f3rio<\/span><\/td>\n<\/tr>\n<tr style=\"height: 24px;\">\n<td style=\"width: 5.18423%; height: 24px;\"><\/td>\n<td style=\"width: 5.24661%; height: 24px;\"><span style=\"color: #000080; font-size: 16px;\">16.00<\/span><\/td>\n<td style=\"width: 103.839%; height: 24px;\"><span style=\"font-size: 16px;\"><strong><span style=\"color: #000080;\"><span style=\"color: #993366;\">\u00abSimp\u00f3sio de Micologia\u00bb<\/span>: <em>Apresenta\u00e7\u00f5es orais de p\u00f3sters<\/em><\/span><\/strong><\/span><\/td>\n<\/tr>\n<tr style=\"height: 24px;\">\n<td style=\"width: 5.18423%; height: 24px;\"><\/td>\n<td style=\"width: 5.24661%; height: 24px;\"><span style=\"color: #000080; font-size: 16px;\">17.00<\/span><\/td>\n<td style=\"width: 103.839%; height: 24px;\"><span style=\"font-size: 16px;\"><span style=\"color: #993366;\"><strong>V<\/strong><\/span><span style=\"color: #000080;\"><span style=\"color: #993366;\"><span style=\"color: #003366;\"><span style=\"color: #993366;\"><strong>i<\/strong><strong>site as Adegas Carmelitano<\/strong><\/span>. Primeira sa\u00edda<\/span><\/span><\/span><\/span><\/td>\n<\/tr>\n<tr style=\"height: 24px;\">\n<td style=\"width: 5.18423%; height: 24px;\"><\/td>\n<td style=\"width: 5.24661%; height: 24px;\"><span style=\"color: #000080; font-size: 16px;\">17.30<\/span><\/td>\n<td style=\"width: 103.839%; height: 24px;\"><span style=\"font-size: 16px;\"><strong><span style=\"color: #000080;\"><span style=\"color: #993366;\">V<span style=\"color: #003366;\"><span style=\"color: #993366;\">isite as Adegas Carmelitano<\/span>. <\/span><\/span><\/span><\/strong><span style=\"color: #000080;\"><span style=\"color: #993366;\"><span style=\"color: #003366;\">Segunda sa\u00edda<\/span><\/span><\/span><\/span><\/td>\n<\/tr>\n<tr style=\"height: 24px;\">\n<td style=\"width: 5.18423%; height: 24px;\"><\/td>\n<td style=\"width: 5.24661%; height: 24px;\"><span style=\"color: #000080; font-size: 16px;\">18.30\u00a0<\/span><\/td>\n<td style=\"width: 103.839%; height: 24px;\"><span style=\"color: #000080; font-size: 16px;\">Exposi\u00e7\u00e3o das esp\u00e9cies<\/span><\/td>\n<\/tr>\n<tr style=\"height: 24px;\">\n<td style=\"width: 5.18423%; height: 24px;\"><\/td>\n<td style=\"width: 5.24661%; height: 24px;\"><span style=\"color: #000080; font-size: 16px;\">20.00<\/span><\/td>\n<td style=\"width: 103.839%; height: 24px;\"><span style=\"color: #000080; font-size: 16px;\">Jantar de Gala com anima\u00e7\u00e3o<\/span><\/td>\n<\/tr>\n<tr style=\"height: 24px;\">\n<td style=\"width: 5.18423%; height: 24px;\"><\/td>\n<td style=\"width: 5.24661%; height: 24px;\"><\/td>\n<td style=\"width: 103.839%; height: 24px;\"><\/td>\n<\/tr>\n<tr style=\"height: 24px;\">\n<td style=\"width: 114.27%; height: 24px; background-color: #f5f5c6; text-align: center;\" colspan=\"3\"><em><span style=\"font-size: 16px;\"><strong><span style=\"color: #993366;\">S\u00e1bado, 2 NOVEMBRO de 2024<\/span><\/strong><\/span><\/em><\/td>\n<\/tr>\n<tr style=\"height: 24px;\">\n<td style=\"width: 5.18423%; height: 24px;\"><\/td>\n<td style=\"width: 5.24661%; height: 24px;\"><\/td>\n<td style=\"width: 103.839%; height: 24px;\"><span style=\"color: #000080; font-size: 16px;\">Pequeno almo\u00e7o<\/span><\/td>\n<\/tr>\n<\/tbody>\n<\/table>\n","protected":false},"excerpt":{"rendered":"<p>&lt;&lt;&lt; \u00a0 PROGRAMA CIENT\u00cdFICO A organiza\u00e7\u00e3o do Congresso colocar\u00e1 \u00e0 disposi\u00e7\u00e3o dos congressistas 6 microsc\u00f3pios e 4 desidratadoras Domingo, 27 OUTUBRO de 2024 15.00 19.00 Rece\u00e7\u00e3o dos participantes com entrega da documenta\u00e7\u00e3o e instala\u00e7\u00e3o do material de trabalho 19.30 Rece\u00e7\u00e3o de boas vindas 20.30 Jantar Segunda-feira, 28 OUTUBRO de 2024 07.00 08.00 Pequeno almo\u00e7o 08.15 [&hellip;]<\/p>\n","protected":false},"author":2,"featured_media":0,"parent":0,"menu_order":0,"comment_status":"closed","ping_status":"closed","template":"","meta":{"footnotes":""},"class_list":["post-797","page","type-page","status-publish","hentry","post"],"_links":{"self":[{"href":"https:\/\/cemm24.somival.org\/index.php\/wp-json\/wp\/v2\/pages\/797","targetHints":{"allow":["GET"]}}],"collection":[{"href":"https:\/\/cemm24.somival.org\/index.php\/wp-json\/wp\/v2\/pages"}],"about":[{"href":"https:\/\/cemm24.somival.org\/index.php\/wp-json\/wp\/v2\/types\/page"}],"author":[{"embeddable":true,"href":"https:\/\/cemm24.somival.org\/index.php\/wp-json\/wp\/v2\/users\/2"}],"replies":[{"embeddable":true,"href":"https:\/\/cemm24.somival.org\/index.php\/wp-json\/wp\/v2\/comments?post=797"}],"version-history":[{"count":22,"href":"https:\/\/cemm24.somival.org\/index.php\/wp-json\/wp\/v2\/pages\/797\/revisions"}],"predecessor-version":[{"id":2767,"href":"https:\/\/cemm24.somival.org\/index.php\/wp-json\/wp\/v2\/pages\/797\/revisions\/2767"}],"wp:attachment":[{"href":"https:\/\/cemm24.somival.org\/index.php\/wp-json\/wp\/v2\/media?parent=797"}],"curies":[{"name":"wp","href":"https:\/\/api.w.org\/{rel}","templated":true}]}}