{"id":2203,"date":"2024-04-25T22:08:58","date_gmt":"2024-04-25T22:08:58","guid":{"rendered":"https:\/\/cemm24.somival.org\/?page_id=2203"},"modified":"2024-04-26T08:39:08","modified_gmt":"2024-04-26T08:39:08","slug":"ponenterafait","status":"publish","type":"page","link":"https:\/\/cemm24.somival.org\/index.php\/ponenterafait\/","title":{"rendered":"PonenteRAFAIT"},"content":{"rendered":"<table style=\"height: 25px; width: 500PX; border-collapse: collapse;\">\n<tbody>\n<tr style=\"height: 30px;\">\n<td style=\"width: 50px; height: 25px; text-align: center; vertical-align: bottom;\"><a href=\"https:\/\/cemm24.somival.org\/index.php\/ponenciasit\/\"><span style=\"font-size: 19px; color: #008000;\"><strong><span style=\"color: #008000;\">&lt;&lt;&lt;<\/span><\/strong><\/span><\/a><\/td>\n<td style=\"height: 25px; width: 443px; vertical-align: top;\"><span style=\"font-size: 19px;\"><strong><span style=\"color: #993366;\">\u00a0 Rafael MAHIQUES SANTANDREU<\/span><\/strong><\/span><\/td>\n<\/tr>\n<\/tbody>\n<\/table>\n<p><img loading=\"lazy\" decoding=\"async\" class=\"alignleft wp-image-1940 size-full\" src=\"https:\/\/cemm24.somival.org\/wp-content\/uploads\/2024\/04\/Rafa1.jpg\" alt=\"\" width=\"283\" height=\"283\" srcset=\"https:\/\/cemm24.somival.org\/wp-content\/uploads\/2024\/04\/Rafa1.jpg 283w, https:\/\/cemm24.somival.org\/wp-content\/uploads\/2024\/04\/Rafa1-150x150.jpg 150w\" sizes=\"auto, (max-width: 283px) 100vw, 283px\" \/><\/p>\n<p style=\"text-align: justify;\"><span style=\"font-size: 17px; color: #000080;\"><span style=\"color: #993366;\"><strong><br \/>\n<span style=\"font-size: 17px;\">Rafael Mahiques Santandreu,\u00a0<\/span><\/strong><\/span>nato nel 1947 a Quatretonda (la Vall d&#8217;Albaida), villaggio e regione con una tradizione fungina ancestrale. \u00c8 laureato in medicina e dermatologia presso l&#8217;Universitat de Valencia.<\/span><\/p>\n<p style=\"text-align: justify;\"><span style=\"font-size: 17px; color: #000080;\">\u00c8 membro fondatore della Societ\u00e0 Micologica Valenciana e presidente del comitato scientifico della stessa. \u00c8 anche presidente e fondatore del Gruppo Iberoinsular dei Cortinarius. In un primo momento era un micologo generalista, ma dalla fine del secolo scorso si dedica fondamentalmente, e quasi esclusivamente, al genere Cortinarius, di cui \u00e8 uno dei migliori specialisti mondiali.<\/span><\/p>\n<p style=\"text-align: justify;\"><span style=\"font-size: 17px; color: #000080;\">\u00c8 stato il motore della celebrazione a Morella nel 2005 delle XXIII Giornate Europee dei Cortinarius, cos\u00ec come le XVIII giornate della CEMM realizzate nella stessa citt\u00e0 nel 2010.<\/span><\/p>\n<p style=\"text-align: justify;\"><span style=\"font-size: 17px; color: #000080;\">Autore del libro \u00abFunghi di Quatretonda\u00bb e coautore di \u00abFunghi della Vall d&#8217;Albaida volumi I e II \u00bb e \u00abFunghi del Parco Naturale della Carrascar della Font Roja\u00bb. \u00c8 autore e coordinatore delle quattro puntate di \u00abCortinarius Ibero-Insulares\u00bb edite da Edizione Candusso all&#8217;interno della sua collezione Fungi Non Delineati. Ha pubblicato articoli, oltre al Butlleti della Societ\u00e0 Micologica Valenciana, in numerose riviste di portata nazionale e internazionale come: Rivista di Micologia, Persoonia, Butlletin Trimestriel della Federation Mycologique Dauphin\u00e9-Savoie, Cryptogamie, Mycologie, Documenti Mycologiques, Phytotaxa, Mycotaxon&#8230; Attualmente \u00e8 recensore del genere Cortinarius nella rivista Persoonia. \u00c8 intervenuto nella descrizione di numerose nuove specie per la scienza come: Cortinarius bombycinus, Cortinarius caesioestramineus var gentianeus, Cortinarius ferrusinus, Cortinarius iunii, Cortinarius murellensis, Cortinarius olidoamarus var. valentinus, Cortinarius securensis, Cortinarius terpsichores var. dryadicola..<\/span><\/p>\n<p style=\"text-align: justify;\"><span style=\"font-size: 17px; color: #000080;\">Attualmente \u00e8 in pensione dal suo lavoro di medico e dedica il suo tempo, oltre agli studi micologici, alla coltivazione della vite e dell&#8217;oliva e alla produzione di vino e olio.<\/span><\/p>\n<p style=\"text-align: justify;\"><span style=\"font-size: 17px; color: #993366;\"><strong>Conferenza:<\/strong> <strong><em>Cortinaris poc citats als Mass\u00eds del Penyagolosa\u00bb<\/em><\/strong><\/span><br \/>\n<span style=\"font-size: 17px; color: #000080;\"><strong>Resum:\u00a0<\/strong>Si situa geograficamente la localizzazione del presente studio, si cita il totale dei cortinarius finora determinati nel Massiccio del Penyagolosa (Castell\u00f3) e si descrivono e iconograficamente i meno citati di questa enclave, nonostante alcuni di essi corrispondano ai contrafforti del Massiccio, gi\u00e0 in terra de Teruel.<\/span><\/p>\n<p style=\"text-align: justify;\"><span style=\"font-size: 17px; color: #000080;\">Massiccio del penyagolosa, situazione e vegetazione; C. aavae Liimatainen &amp; Niskanen;C. anthracinus Fr.;C. badiolaevis Niskanen, Liimat., Mahiques, Bailar\u00e1 &amp; Kyt\u00f6v;C. campester Reumaux (=C. porphyreticus Mo\u00ebnne-Locc.);C. castaneopallidus Carteret (=C. olivaceomarginatus Carteret);C. cremeiamarescens Kit\u00f6v. Liimat. &amp; Niskanen;C. deceptivissimus Reumaux;C. exsularis Garrido-Ben., Bailar\u00e1 &amp; Mahiques;C. gallurae D. Antonini, M. Antonini &amp; Consiglio;C. iunii Bailar\u00e1, E. Su\u00e1rez, Mahiques &amp; Garrido-Benavent;C. lepistoides T.S. Jeppesen &amp; Fr\u00f8slev;C. murellensis Corazones. Gut., Bailar\u00e1, Cadi\u00f1anos, Palaz\u00f3n &amp; Mahiques;C. olidoamarus f. valentinus (Mahiques &amp; A. Favre) Bidaud &amp; Reumaux;C. pallidirimosus Kyt\u00f6v., Liimat. &amp; Niskanen (=Thaxterogaster pallidirimosus (Kyt\u00f6v., Liimat. &amp; Niskanen) Niskanen &amp; Liimat.);C. pallidostriatus Rob. Henry;C. pini Brandrud;C. radicosissimus Mo\u00ebnne-Locc.;C. roseonudipes Rob. Henry &amp; Mo\u00ebnne-Locc.;C. sacchariosmus Buen;C. securensis J. D. Reyes, T. Illescas, J. Bailar\u00e1 y R. Mahiques;C. uraceonemoralis Niskanen, Liimat., Dima, Kyt\u00f6v., Bojantchev &amp; H. Lindstr;C. variebulbus Chevassut &amp; Rob. Henry;C. violaceoserrulatus L. Albert, Dima, Schmidt-Stohn, Rossi &amp; Ballar\u00e0.<\/span><\/p>\n<p style=\"text-align: justify;\"><span style=\"font-size: 17px; color: #000080;\">.<\/span><\/p>\n","protected":false},"excerpt":{"rendered":"<p>&lt;&lt;&lt; \u00a0 Rafael MAHIQUES SANTANDREU Rafael Mahiques Santandreu,\u00a0nato nel 1947 a Quatretonda (la Vall d&#8217;Albaida), villaggio e regione con una tradizione fungina ancestrale. \u00c8 laureato in medicina e dermatologia presso l&#8217;Universitat de Valencia. \u00c8 membro fondatore della Societ\u00e0 Micologica Valenciana e presidente del comitato scientifico della stessa. \u00c8 anche presidente e fondatore del Gruppo Iberoinsular [&hellip;]<\/p>\n","protected":false},"author":2,"featured_media":0,"parent":0,"menu_order":0,"comment_status":"closed","ping_status":"closed","template":"","meta":{"footnotes":""},"class_list":["post-2203","page","type-page","status-publish","hentry","post"],"_links":{"self":[{"href":"https:\/\/cemm24.somival.org\/index.php\/wp-json\/wp\/v2\/pages\/2203","targetHints":{"allow":["GET"]}}],"collection":[{"href":"https:\/\/cemm24.somival.org\/index.php\/wp-json\/wp\/v2\/pages"}],"about":[{"href":"https:\/\/cemm24.somival.org\/index.php\/wp-json\/wp\/v2\/types\/page"}],"author":[{"embeddable":true,"href":"https:\/\/cemm24.somival.org\/index.php\/wp-json\/wp\/v2\/users\/2"}],"replies":[{"embeddable":true,"href":"https:\/\/cemm24.somival.org\/index.php\/wp-json\/wp\/v2\/comments?post=2203"}],"version-history":[{"count":5,"href":"https:\/\/cemm24.somival.org\/index.php\/wp-json\/wp\/v2\/pages\/2203\/revisions"}],"predecessor-version":[{"id":2235,"href":"https:\/\/cemm24.somival.org\/index.php\/wp-json\/wp\/v2\/pages\/2203\/revisions\/2235"}],"wp:attachment":[{"href":"https:\/\/cemm24.somival.org\/index.php\/wp-json\/wp\/v2\/media?parent=2203"}],"curies":[{"name":"wp","href":"https:\/\/api.w.org\/{rel}","templated":true}]}}