{"id":2176,"date":"2024-04-25T21:24:13","date_gmt":"2024-04-25T21:24:13","guid":{"rendered":"https:\/\/cemm24.somival.org\/?page_id=2176"},"modified":"2024-07-26T15:47:48","modified_gmt":"2024-07-26T15:47:48","slug":"simposiumit","status":"publish","type":"page","link":"https:\/\/cemm24.somival.org\/index.php\/simposiumit\/","title":{"rendered":"SimposiumIT"},"content":{"rendered":"<table style=\"height: 25px; width: 500PX; border-collapse: collapse;\">\n<tbody>\n<tr style=\"height: 30px;\">\n<td style=\"width: 50px; height: 25px; text-align: center; vertical-align: bottom;\"><a href=\"https:\/\/cemm24.somival.org\/index.php\/opcionit\/\"><span style=\"font-size: 19px; color: #008000;\"><strong><span style=\"color: #008000;\">&lt;&lt;&lt;<\/span><\/strong><\/span><\/a><\/td>\n<td style=\"height: 25px; width: 443px; vertical-align: top;\" colspan=\"2\"><span style=\"font-size: 19px;\"><strong><span style=\"color: #993366;\">\u00a0 \u00a0SIMPOSIUM<\/span><\/strong><\/span><\/td>\n<\/tr>\n<\/tbody>\n<\/table>\n<p><span style=\"font-size: 17px; color: #000080;\"><img loading=\"lazy\" decoding=\"async\" class=\"alignleft wp-image-2121\" src=\"https:\/\/cemm24.somival.org\/wp-content\/uploads\/2024\/04\/Simposium1-277x300.gif\" alt=\"\" width=\"200\" height=\"217\" data-wp-editing=\"1\" \/><\/span><\/p>\n<p>&nbsp;<\/p>\n<p style=\"text-align: justify;\"><span style=\"font-size: 17px; color: #000080;\">Durante le giornate della CEMM2024, potranno essere presentate presentazioni sotto forma di comunicazioni scritte (poster) da parte di qualsiasi partecipante, l&#8217;invito \u00e8 esteso a qualsiasi persona interessata alla micologia, che partecipi o meno alle giornate. I poster saranno esposti nella sala di lavoro da luned\u00ec 28 a venerd\u00ec 1 novembre. Venerd\u00ec i relatori discuteranno brevemente i poster a partire dalle 16.00.<\/span><\/p>\n<p>&nbsp;<\/p>\n<p>&nbsp;<\/p>\n<p style=\"text-align: justify;\"><span style=\"color: #993366; font-size: 17px;\"><strong><u>Norme per la presentazione di poster alla CEMM 2024<br \/>\n<\/u><\/strong><\/span><span style=\"font-size: 17px; color: #000080;\">&#8211;\u00a0Potranno trattare qualsiasi argomento di Micologia..<\/span><br \/>\n<span style=\"font-size: 17px; color: #000080;\">&#8211; I poster possono essere scritti in una qualsiasi delle lingue ufficiali della CEMM.<\/span><br \/>\n<span style=\"font-size: 17px; color: #000080;\">&#8211; I poster saranno a colori . <\/span><br \/>\n<span style=\"font-size: 17px; color: #000080;\">&#8211; Le dimensioni devono essere 120cm (altezza) x 90 cm (larghezza). <\/span><br \/>\n<span style=\"font-size: 17px; color: #000080;\">&#8211; Tutti coloro che desiderano presentare i loro poster lo comunicheranno al l&#8217;indirizzo di posta elettronica (cemm.somival@gmail.com) entro il 1\u00ba settembre, con il titolo della comunicazione e un breve riassunto.<br \/>\n<\/span><span style=\"font-size: 17px; color: #000080;\">&#8211; I poster ammessi devono essere inviatis in formato PDF, entro il 14 ottobre, al seguente indirizzo elettronico (cemm.somival@gmail.com). La stampa \u00e8 effettuata dall&#8217;organizzazione.<\/span><\/p>\n","protected":false},"excerpt":{"rendered":"<p>&lt;&lt;&lt; \u00a0 \u00a0SIMPOSIUM &nbsp; Durante le giornate della CEMM2024, potranno essere presentate presentazioni sotto forma di comunicazioni scritte (poster) da parte di qualsiasi partecipante, l&#8217;invito \u00e8 esteso a qualsiasi persona interessata alla micologia, che partecipi o meno alle giornate. I poster saranno esposti nella sala di lavoro da luned\u00ec 28 a venerd\u00ec 1 novembre. Venerd\u00ec [&hellip;]<\/p>\n","protected":false},"author":2,"featured_media":0,"parent":0,"menu_order":0,"comment_status":"closed","ping_status":"closed","template":"","meta":{"footnotes":""},"class_list":["post-2176","page","type-page","status-publish","hentry","post"],"_links":{"self":[{"href":"https:\/\/cemm24.somival.org\/index.php\/wp-json\/wp\/v2\/pages\/2176","targetHints":{"allow":["GET"]}}],"collection":[{"href":"https:\/\/cemm24.somival.org\/index.php\/wp-json\/wp\/v2\/pages"}],"about":[{"href":"https:\/\/cemm24.somival.org\/index.php\/wp-json\/wp\/v2\/types\/page"}],"author":[{"embeddable":true,"href":"https:\/\/cemm24.somival.org\/index.php\/wp-json\/wp\/v2\/users\/2"}],"replies":[{"embeddable":true,"href":"https:\/\/cemm24.somival.org\/index.php\/wp-json\/wp\/v2\/comments?post=2176"}],"version-history":[{"count":8,"href":"https:\/\/cemm24.somival.org\/index.php\/wp-json\/wp\/v2\/pages\/2176\/revisions"}],"predecessor-version":[{"id":2752,"href":"https:\/\/cemm24.somival.org\/index.php\/wp-json\/wp\/v2\/pages\/2176\/revisions\/2752"}],"wp:attachment":[{"href":"https:\/\/cemm24.somival.org\/index.php\/wp-json\/wp\/v2\/media?parent=2176"}],"curies":[{"name":"wp","href":"https:\/\/api.w.org\/{rel}","templated":true}]}}