{"id":1721,"date":"2024-04-19T19:00:06","date_gmt":"2024-04-19T19:00:06","guid":{"rendered":"https:\/\/cemm24.somival.org\/?page_id=1721"},"modified":"2024-05-17T09:16:40","modified_gmt":"2024-05-17T09:16:40","slug":"ponenciaspo","status":"publish","type":"page","link":"https:\/\/cemm24.somival.org\/index.php\/ponenciaspo\/","title":{"rendered":"PonenciasPO"},"content":{"rendered":"<table style=\"height: 17px; width: 750px; border-collapse: collapse;\">\n<tbody>\n<tr style=\"height: 30px;\">\n<td style=\"width: 50px; height: 25px; text-align: center; vertical-align: bottom;\"><a href=\"https:\/\/cemm24.somival.org\/index.php\/opcionpo\/\"><span style=\"font-size: 19px; color: #008000;\"><strong><span style=\"color: #008000;\">&lt;&lt;&lt;<\/span><\/strong><\/span><\/a><\/td>\n<td style=\"height: 25px; width: 443px; vertical-align: top;\" colspan=\"2\"><span style=\"font-size: 19px;\"><strong><span style=\"color: #993366;\">\u00a0 CONFERENCIAS\u00a0 \u00a0 <\/span><\/strong><span style=\"color: #993366;\"><span style=\"color: #008000;\">Clic imagem ou nome &#8211;&gt; CV palestrante<\/span><\/span><\/span><\/td>\n<\/tr>\n<\/tbody>\n<\/table>\n<p><span style=\"font-size: 17px; color: #000080;\"><b><i><span style=\"color: #993366;\"><a href=\"https:\/\/cemm24.somival.org\/index.php\/ponenterafapo\/\"><img loading=\"lazy\" decoding=\"async\" class=\"alignleft wp-image-1940 size-thumbnail\" src=\"https:\/\/cemm24.somival.org\/wp-content\/uploads\/2024\/04\/Rafa1-150x150.jpg\" alt=\"\" width=\"150\" height=\"150\" srcset=\"https:\/\/cemm24.somival.org\/wp-content\/uploads\/2024\/04\/Rafa1-150x150.jpg 150w, https:\/\/cemm24.somival.org\/wp-content\/uploads\/2024\/04\/Rafa1.jpg 283w\" sizes=\"auto, (max-width: 150px) 100vw, 150px\" \/><\/a><span style=\"font-family: georgia, palatino; font-size: 17px;\">Segunda-feira, 28 de Outubro de 2024\u00a0<\/span><\/span><br \/>\n<\/i><\/b><\/span><span style=\"font-size: 17px; color: #000080; font-family: georgia, palatino;\"><span style=\"font-weight: 400;\">19.00 h. \u2013 Confer\u00eancia \u2013 <\/span><i><span style=\"font-weight: 400;\"><strong>\u201c<\/strong><em><strong>Cortinaris poc citats als Mass\u00eds del Penyagolosa<\/strong><\/em><\/span><\/i><b><i>\u201d<br \/>\n<\/i><\/b>L\u00edngua: Espanhol<b><i><br \/>\n<\/i><\/b><span style=\"color: #993366;\"><strong><span style=\"color: #000080;\"><span style=\"color: #993366;\">Palestrante convidado<\/span>: <\/span><a href=\"https:\/\/cemm24.somival.org\/index.php\/ponenterafapo\/\">Rafael MahiquesSantandreu<\/a><br \/>\n<\/strong><\/span><\/span><span style=\"font-family: georgia, palatino; font-size: 17px;\"><strong><span style=\"color: #993366;\">Resumo<\/span><\/strong><span style=\"color: #000080;\">: Descri\u00e7\u00e3o dos Cortinarius mais relevantes recolhidos em Penyagolosa atrav\u00e9s dos seus principais caracteres morfol\u00f3gicos, da sua distribui\u00e7\u00e3o e da sua ecologia.<\/span><\/span><\/p>\n<hr \/>\n<p><a href=\"https:\/\/cemm24.somival.org\/index.php\/ponentejavierpo\/\"><span style=\"font-family: georgia, palatino; font-size: 17px;\"><span style=\"color: #000080;\"><b><i><span style=\"color: #993366;\"><img loading=\"lazy\" decoding=\"async\" class=\"size-thumbnail wp-image-1395 alignleft\" src=\"https:\/\/cemm24.somival.org\/wp-content\/uploads\/2024\/03\/Javier-150x150.jpg\" alt=\"\" width=\"150\" height=\"150\" srcset=\"https:\/\/cemm24.somival.org\/wp-content\/uploads\/2024\/03\/Javier-150x150.jpg 150w, https:\/\/cemm24.somival.org\/wp-content\/uploads\/2024\/03\/Javier.jpg 283w\" sizes=\"auto, (max-width: 150px) 100vw, 150px\" \/><\/span><\/i><\/b><\/span><\/span><\/a><\/p>\n<p><span style=\"font-family: georgia, palatino; font-size: 17px;\"><span style=\"color: #000080;\"><b><i><span style=\"font-weight: 400;\"><strong><span style=\"color: #993366;\">Martes, 29\u00a0 de Outubro de 2024<\/span><\/strong><br \/>\n<\/span><\/i><span style=\"font-weight: 400;\">19.00 h.<\/span><i><span style=\"font-weight: 400;\"> \u2013 <\/span><\/i><span style=\"font-weight: 400;\">Confer\u00eancia <\/span><i><span style=\"font-weight: 400;\">\u2013 <em><strong>\u00abBoletales interesantes y poco conocidos en Espa\u00f1a\u00bb<\/strong><\/em><\/span><\/i><\/b><b><i><span style=\"font-weight: 400;\"><br \/>\n<\/span><\/i><span style=\"font-weight: 400;\"><span style=\"font-size: 17px; color: #000080; font-family: georgia, palatino;\">L\u00edngua: Espanhol<\/span><\/span><i><span style=\"font-weight: 400;\"><br \/>\n<\/span><\/i><span style=\"font-weight: 400;\"><span style=\"color: #993366;\"><strong>Palestrante convidado<\/strong><\/span><\/span><span style=\"font-weight: 400;\">: <\/span><span style=\"color: #993366;\"><a href=\"https:\/\/cemm24.somival.org\/index.php\/ponentejavierpo\/\">Javier Marcos Mart\u00ednez<\/a><br \/>\n<\/span><strong><span style=\"color: #993366;\">Resumo<\/span><\/strong><\/b>: Cataloga\u00e7\u00e3o actual do g\u00e9nero Morchella e descri\u00e7\u00e3o das esp\u00e9cies mais relevantes da Pen\u00ednsula Ib\u00e9rica atrav\u00e9s dos seus principais caracteres morfol\u00f3gicos, sua distribui\u00e7\u00e3o e ecologia, bem como comestibilidade e toxicidade.<\/span><\/span><\/p>\n<hr \/>\n<p style=\"text-align: justify;\"><span style=\"font-family: georgia, palatino; font-size: 17px;\"><span style=\"color: #000080;\"><b><span style=\"color: #993366;\"><span style=\"font-weight: 400;\"><span style=\"color: #000080;\"><a href=\"https:\/\/cemm24.somival.org\/index.php\/ponentecandidopo\/\"><img loading=\"lazy\" decoding=\"async\" class=\"wp-image-1868 size-thumbnail alignleft\" src=\"https:\/\/cemm24.somival.org\/wp-content\/uploads\/2024\/04\/Candido-1-150x150.jpg\" alt=\"\" width=\"150\" height=\"150\" srcset=\"https:\/\/cemm24.somival.org\/wp-content\/uploads\/2024\/04\/Candido-1-150x150.jpg 150w, https:\/\/cemm24.somival.org\/wp-content\/uploads\/2024\/04\/Candido-1.jpg 283w\" sizes=\"auto, (max-width: 150px) 100vw, 150px\" \/><\/a><span style=\"color: #993366;\"><strong><i>Quarta-feira, 30 de Outubro de 2024<\/i><\/strong><\/span><br \/>\n19.00 h. \u2013 Confer\u00eancia \u2013<strong><i>\u201c<\/i><\/strong><span style=\"font-size: 17px;\"><strong><em>Diversidad f\u00fangica mediterr\u00e1nea \u2013 Castell\u00f3n<i>\u201d<\/i><\/em><\/strong><\/span><\/span><br \/>\n<span style=\"font-size: 17px; color: #000080; font-family: georgia, palatino;\">L\u00edngua Espanhol<\/span><br \/>\n<strong>Palestrante convidado<\/strong>: <a href=\"https:\/\/cemm24.somival.org\/index.php\/ponentecandidopo\/\"><strong>C\u00e1ndido Sos Escudero<\/strong><\/a><\/span><\/span><i><span style=\"color: #993366;\"><br \/>\n<\/span><\/i><span style=\"color: #993366;\"><strong>Resumo<\/strong><\/span><\/b><span style=\"color: #000080;\">: Descri\u00e7\u00e3o dos t\u00e1xons mais relevantes recolhidos na prov\u00edncia de Castell\u00f3n atrav\u00e9s dos seus principais caracteres morfol\u00f3gicos, da sua distribui\u00e7\u00e3o e da sua ecologia.<\/span><\/span><\/span><\/p>\n<hr \/>\n<p><span style=\"font-family: georgia, palatino; font-size: 17px;\"><span style=\"color: #000080;\"><span style=\"font-weight: 400;\"><a href=\"https:\/\/cemm24.somival.org\/index.php\/ponenteaoualipo\/\"><img loading=\"lazy\" decoding=\"async\" class=\"alignleft wp-image-1646 size-thumbnail\" src=\"https:\/\/cemm24.somival.org\/wp-content\/uploads\/2024\/04\/Souhila-150x150.jpg\" alt=\"\" width=\"150\" height=\"150\" srcset=\"https:\/\/cemm24.somival.org\/wp-content\/uploads\/2024\/04\/Souhila-150x150.jpg 150w, https:\/\/cemm24.somival.org\/wp-content\/uploads\/2024\/04\/Souhila.jpg 283w\" sizes=\"auto, (max-width: 150px) 100vw, 150px\" \/><\/a><span style=\"color: #993366;\"><b><i>Quinta-feira, 31 de Outubro de 2024<\/i><\/b><\/span><br \/>\n19.00 h.\u00a0 \u2013 Conferencia \u2013 <b><i>\u201c<strong><em>Mycologie alg\u00e9rienne : que sait-on aujourd\u2019hui ? et que faut-il faire demain\u00a0<\/em><\/strong><strong><em>?<\/em><\/strong>\u201d<\/i><br \/>\n<\/b><span style=\"font-size: 17px; color: #000080; font-family: georgia, palatino;\">L\u00edngua: Franc\u00eas<br \/>\n<\/span><\/span><\/span><\/span><span style=\"font-weight: 400; color: #993366; font-size: 17px;\"><strong><span style=\"font-family: georgia, palatino; font-size: 17px;\"><span style=\"color: #000080;\"><span style=\"color: #993366;\">Palestrante<\/span><\/span><\/span> convidada: <a href=\"https:\/\/cemm24.somival.org\/index.php\/ponenteaoualipo\/\">Souhila Aouali<\/a><\/strong> <\/span><span style=\"font-weight: 400;\"><span style=\"color: #993366;\"><br \/>\n<\/span><\/span><span style=\"font-family: georgia, palatino; font-size: 17px;\"><span style=\"color: #000080;\"><b><strong><span style=\"color: #993366;\">Resumo<\/span><\/strong>: <\/b>Apresenta\u00e7\u00e3o da diversidade f\u00fangica argelina amplamente inexplorada. Vis\u00e3o geral hist\u00f3rica, estado atual e perspectiva de seu desenvolvimento futuro.<\/span><b><i><\/i><\/b><b><i><\/i><\/b><\/span><\/p>\n<hr \/>\n<p><span style=\"font-family: georgia, palatino; font-size: 17px;\"><span style=\"color: #000080;\"><span style=\"color: #993366;\"><b><i>Sexta-feira, 1 de Novembro de 2024<\/i><\/b><\/span><b><br \/>\n<\/b><\/span><span style=\"color: #000080;\"><span style=\"font-weight: 400;\">16.00 h. \u2013 \u201c<\/span><b>Simp\u00f3sio Micol\u00f3gico: <\/b>Apresenta\u00e7\u00f5es orais de p\u00f4steres.<span style=\"font-weight: 400;\"><br \/>\n<\/span><\/span><\/span><\/p>\n","protected":false},"excerpt":{"rendered":"<p>&lt;&lt;&lt; \u00a0 CONFERENCIAS\u00a0 \u00a0 Clic imagem ou nome &#8211;&gt; CV palestrante Segunda-feira, 28 de Outubro de 2024\u00a0 19.00 h. \u2013 Confer\u00eancia \u2013 \u201cCortinaris poc citats als Mass\u00eds del Penyagolosa\u201d L\u00edngua: Espanhol Palestrante convidado: Rafael MahiquesSantandreu Resumo: Descri\u00e7\u00e3o dos Cortinarius mais relevantes recolhidos em Penyagolosa atrav\u00e9s dos seus principais caracteres morfol\u00f3gicos, da sua distribui\u00e7\u00e3o e da [&hellip;]<\/p>\n","protected":false},"author":2,"featured_media":0,"parent":0,"menu_order":0,"comment_status":"closed","ping_status":"closed","template":"","meta":{"footnotes":""},"class_list":["post-1721","page","type-page","status-publish","hentry","post"],"_links":{"self":[{"href":"https:\/\/cemm24.somival.org\/index.php\/wp-json\/wp\/v2\/pages\/1721","targetHints":{"allow":["GET"]}}],"collection":[{"href":"https:\/\/cemm24.somival.org\/index.php\/wp-json\/wp\/v2\/pages"}],"about":[{"href":"https:\/\/cemm24.somival.org\/index.php\/wp-json\/wp\/v2\/types\/page"}],"author":[{"embeddable":true,"href":"https:\/\/cemm24.somival.org\/index.php\/wp-json\/wp\/v2\/users\/2"}],"replies":[{"embeddable":true,"href":"https:\/\/cemm24.somival.org\/index.php\/wp-json\/wp\/v2\/comments?post=1721"}],"version-history":[{"count":17,"href":"https:\/\/cemm24.somival.org\/index.php\/wp-json\/wp\/v2\/pages\/1721\/revisions"}],"predecessor-version":[{"id":2573,"href":"https:\/\/cemm24.somival.org\/index.php\/wp-json\/wp\/v2\/pages\/1721\/revisions\/2573"}],"wp:attachment":[{"href":"https:\/\/cemm24.somival.org\/index.php\/wp-json\/wp\/v2\/media?parent=1721"}],"curies":[{"name":"wp","href":"https:\/\/api.w.org\/{rel}","templated":true}]}}